base 11?
-2102
-1224 (base 5) to base 12
-139
What is -201211 (base 3) in base 15?
-25a
What is -303 (base 11) in base 5?
-2431
What is 37202 (base 9) in base 11?
17822
What is 498b (base 12) in base 8?
20173
11023 (base 5) to base 3
1001021
a910 (base 12) to base 5
1043323
a4 (base 13) to base 8
206
What is 25045 (base 7) in base 16?
1996
Convert 127 (base 9) to base 7.
211
What is -122 (base 16) in base 4?
-10202
What is 16195 (base 13) in base 6?
522334
Convert -11111 (base 2) to base 16.
-1f
1831 (base 14) to base 13
1ca0
What is -44 (base 5) in base 3?
-220
Convert 7066 (base 8) to base 7.
13415
Convert 7db (base 14) to base 10.
1565
What is -1621 (base 8) in base 14?
-493
What is -6a22 (base 11) in base 6?
-110404
Convert 5aa (base 12) to base 2.
1101010010
What is 5397 (base 15) in base 13?
808c
1010001100000111 (base 2) to base 8
121407
What is -100122 (base 3) in base 14?
-148
Convert 1101010001000 (base 2) to base 10.
6792
What is 52434 (base 6) in base 11?
5355
-11011001010 (base 2) to base 16
-6ca
Convert -22200213 (base 4) to base 15.
-cb4c
What is -304 (base 5) in base 12?
-67
What is -2263 (base 11) in base 6?
-21433
Convert 2208 (base 9) to base 8.
3134
-1494 (base 11) to base 3
-2122001
-561 (base 7) to base 5
-2123
Convert -1c4 (base 16) to base 14.
-244
What is -87 (base 9) in base 16?
-4f
Convert -5a (base 11) to base 14.
-49
What is 20111200 (base 3) in base 6?
33543
What is -12402 (base 7) in base 11?
-2517
Convert 10100110000111 (base 2) to base 14.
3c35
What is 3355 (base 6) in base 16?
317
What is 444b (base 13) in base 14?
3687
Convert 2021144 (base 5) to base 10.
32674
Convert -25018 (base 10) to base 11.
-17884
-1020222 (base 3) to base 4
-32111
2132 (base 4) to base 11
134
23221 (base 4) to base 7
2113
What is -808 (base 9) in base 14?
-34c
Convert -277 (base 8) to base 5.
-1231
3130311 (base 4) to base 9
21343
Convert -10313110 (base 4) to base 7.
-112042
-d91 (base 14) to base 15
-bd5
Convert 28047 (base 10) to base 15.
849c
-3841 (base 13) to base 9
-11864
648 (base 11) to base 12
54a
1a5 (base 11) to base 16
ec
What is -20cb (base 14) in base 4?
-1120203
-63f (base 16) to base 5
-22344
233110 (base 5) to base 14
3174
Convert -1002101 (base 3) to base 9.
-1071
What is -884 (base 16) in base 7?
-6233
1005 (base 6) to base 15
eb
What is 100100000010 (base 2) in base 14?
baa
32f2 (base 16) to base 14
4a78
Convert -22 (base 15) to base 7.
-44
Convert -11072 (base 9) to base 11.
-5587
Convert 113c (base 16) to base 12.
2678
-13026 (base 8) to base 4
-1120112
-127 (base 10) to base 3
-11201
Convert 15210 (base 6) to base 9.
3326
3414 (base 6) to base 5
11202
Convert -2854 (base 9) to base 6.
-13551
What is 20535 (base 6) in base 11?
2111
What is b7c5 (base 14) in base 9?
47464
What is -603 (base 9) in base 2?
-111101001
Convert 15422 (base 6) to base 12.
1572
Convert -4b (base 13) to base 5.
-223
-13320 (base 4) to base 2
-111111000
240204 (base 5) to base 6
104432
Convert 2382 (base 10) to base 6.
15010
Convert 9479 (base 11) to base 7.
51405
What is -9d8 (base 15) in base 8?
-4264
What is 16 (base 8) in base 15?
e
What is 204202 (base 6) in base 14?
601c
Convert 1133 (base 4) to base 3.
10112
-2389 (base 14) to base 6
-44405
Convert 2043 (base 13) to base 16.
1161
Convert -46072 (base 8) to base 13.
-8b61
-26 (base 9) to base 13
-1b
What is -2aa (base 11) in base 4?
-11222
43401 (base 6) to base 8
13531
Convert 3616 (base 10) to base 3.
11221221
-10724 (base 10) to base 7
-43160
-608 (base 9) to base 11
-40a
What is -271 (base 10) in base 15?
-131
What is -847 (base 9) in base 5?
-10231
1000301 (base 4) to base 6
31105
What is 403b (base 14) in base 9?
16114
What is 230230 (base 4) in base 3?
10220221
-1010011222 (base 3) to base 10
-22004
Convert -352410 (base 6) to base 4.
-13122312
-9200 (base 12) to base 15
-4a60
What is -2ccb (base 13) in base 10?
-6589
Convert 6656 (base 13) to base 4.
3132323
358 (base 9) to base 8
450
-3526 (base 8) to base 3
-2120120
Convert 3213414 (base 5) to base 11.
37824
Convert 880 (base 11) to base 2.
10000100000
-1234141 (base 5) to base 11
-17288
2a94 (base 13) to base 16
183d
-145542 (base 8) to base 5
-3131231
What is -2240 (base 5) in base 7?
-635
Convert 2838 (base 15) to base 5.
233403
What is 121220 (base 5) in base 14?
193a
22335 (base 8) to base 11
70aa
Convert -1001100111 (base 2) to base 3.
-211210
131220 (base 4) to base 2
11101101000
31620 (base 7) to base 9
11686
Convert 10112201 (base 4) to base 9.
26405
What is 108d (base 15) in base 3?
11210221
Convert -14707 (base 9) to base 7.
-41206
Convert 1137 (base 8) to base 16.
25f
What is -6734 (base 8) in base 9?
-4772
Convert -236 (base 7) to base 15.
-85
Convert 146444 (base 7) to base 4.
13000121
Convert -760 (base 8) to base 12.
-354
What is -1220100 (base 3) in base 9?
-1810
What is -3bd9 (base 15) in base 5?
-402204
-71a3 (base 13) to base 11
-10866
Convert -100111010100001 (base 2) to base 14.
-749b
4840 (base 15) to base 8
36000
Convert -856 (base 10) to base 5.
-11411
What is 103200 (base 4) in base 3?
1201020
Convert -2112023 (base 4) to base 7.
-40010
Convert -110000010 (base 2) to base 9.
-468
Convert 1100100100 (base 2) to base 6.
3420
85 (base 15) to base 7
236
What is -121266 (base 8) in base 13?
-15c62
Convert 27347 (base 10) to base 9.
41455
-1091 (base 10) to base 7
-3116
-3dc (base 16) to base 8
-1734
Convert 569 (base 12) to base 15.
386
What is 140 (base 11) in base 13?
c9
Convert -209 (base 10) to base 4.
-3101
Convert 5ac (base 14) to base 11.
93a
50706 (base 8) to base 15
6309
-1a48 (base 12) to base 3
-11102102
What is 10100 (base 3) in base 5?
330
What is -2210121 (base 3) in base 4?
-133321
-213 (base 13) to base 11
-2a2
45686 (base 9) to base 5
1433303
Convert -23e (base 15) to base 12.
-365
Convert 380 (base 15) to base 8.
1433
-6714 (base 14) to base 16
-45be
Convert -11212 (base 3) to base 5.
-1011
Convert -631 (base 8) to base 14.
-213
Convert -1312 (base 14) to base 5.
-101343
-257 (base 13) to base 7
-1124
2154 (base 9) to base 11
1214
What is -11220 (base 3) in base 9?
-156
What is 144 (base 13) in base 8?
341
What is -460 (base 9) in base 4?
-11322
What is 113224 (base 5) in base 11?
3169
Convert -23331 (base 5) to base 2.
-11010110100
Convert 11d6 (base 14) to base 10.
3128
What is 16717 (base 11) in base 2?
101101111000100
What is cec (base 16) in base 8?
6354
Convert 36cc (base 14) to base 3.
111011010
-221211 (base 3) to base 8
-1271
Convert -438 (base 9) to base 14.
-1b9
Convert -2321002 (base 4) to base 13.
-550c
-a8 (base 14) to base 16
-94
-2405 (base 10) to base 9
-3262
What is -20221011 (base 3) in base 6?
-35221
Convert -5a97 (base 11) to base 15.
-2566
What is 1010121021 (base 3) in base 10?
22309
What is 246626 (base 7) in base 16?
b216
What is 21254 (base 6) in base 8?
5542
258 (base 16) to base 3
211020
-29a (base 12) to base 3
-120001
What is -dd2 (base 14) in base 15?
-c22
What is -268 (base 13) in base 15?
-1d4
Convert 1c42 (base 14) to base 11.
3966
Convert -33 (base 11) to base 12.
-30
Convert -1001111101101 (base 2) to base 12.
-2b51
-1f7 (base 16) to base 14
-27d
What is -a5b (base 14) in base 8?
-3771
Convert -331013 (base 4) to base 9.
-5325
What is 201212021 (base 3) in base 5?
430404
What is -1010011000100 (base 2) in base 8?
-12304
1021143 (base 6) to base 3
2111221100
-285 (base 12) to base 11
-324
Convert 1598a (base 11) to base 5.
1204413
2386 (base 9) to base 13
a6b
What is 91 (base 13) in base 9?
141
Convert 25142 (base 6) to base 11.
2895
Convert -22567 (base 8) to base 9.
-14136
7054 (base 9) to base 13
2464
What is -4aab (base 15) in base 11?
-10a55
What is 1310 (base 4) in base 11?
a6
-389 (base 15) to base 4
-30210
Convert 1010001101 (base 2) to base 14.
349
Convert -5150 (base 6) to base 4.
-101322
12128 (base 11) to base 12
a126
What is -501 (base 6) in base 12?
-131
What is -279 (base 13) in base 12?
-306
Convert -5a (base 14) to base 16.
-50
Convert -9e26 (base 16) to base 8.
-117046
Convert 3652 (base 10) to base 8.
7104
Convert -72a (base 16) to base 14.
-950
Convert -1996b (base 12) to base 14.
-da27
25608 (base 11) to base 4
20330333
Convert 2343 (base 5) to base 6.
1340
-20f (base 16) to base 11
-43a
Convert 8218 (base 15) to base 6.
331